 = 7 + 31*u + u**2 + 32*u - 71*u. What is the hundreds digit of d(17)?
1
Let l(p) = p**3 + 3*p**2 - 4*p + 3. Let x be l(-4). Let a(o) = -6 + 7 - 6 + 15*o - 9*o. What is the tens digit of a(x)?
1
Suppose -21 = -5*l - 56. Let x(s) = 1. Let n(v) = -v - 1. Let k(b) = n(b) + 5*x(b). What is the tens digit of k(l)?
1
Let t = -245 + 363. Let n = 181 - t. What is the units digit of n?
3
What is the units digit of 21938/14 + 0 + 3?
0
Suppose 0 = 15*o - 16*o - 3*w + 1123, 0 = -4*w - 4. What is the hundreds digit of o?
1
Let r(p) = 2*p**2 - 2. Suppose 2 + 4 = -3*q. Let u be r(q). What is the units digit of ((-8)/u)/((-8)/60)?
0
Suppose -p = -2*p. What is the units digit of (-4)/(p - -20) - (-412)/10?
1
Suppose d - 2198 = -2*f, 4*f + 5*d - d - 4396 = 0. What is the hundreds digit of f?
0
Let p(k) be the third derivative of -k**5/20 - k**4/12 - k**3/6 - k**2. Let f be p(-2). Let j(c) = -5*c - 9. What is the units digit of j(f)?
6
Let r be 5 + (-2 - (6 - 3)). Suppose r = -9*b + 754 + 875. What is the tens digit of b?
8
Suppose 3*b - 4*l = 12847, -5*l - 9361 = -4*b + 7770. What is the hundreds digit of b?
2
Suppose -3*t - 881 + 5780 = 0. What is the tens digit of t?
3
Suppose 0 = -3*j + 8 - 2, -20 = -3*m - j. Let l(v) = 4*v**2 + 4*v. Let a be l(6). Suppose 5*x = 3*q + 213, m*q = 4*x + 3*q - a. What is the tens digit of x?
4
Let y(t) = t + 5. Let z(w) = -w**3 + 15*w**2 - w + 19. Suppose -p - 41 = -3*j, -5*j + 33 = -2*p - 34. Let v be z(j). What is the units digit of y(v)?
9
Let l = 65 + -72. Let f(b) = 6*b**2 + 9*b + 12. What is the tens digit of f(l)?
4
Let c = -6 - -9. Suppose 8 = -w + 5*u - 2, -c*w + 18 = u. Suppose w*q - 6*q + 4 = 0. What is the units digit of q?
4
Let t be 3/9 + (-220)/12. Let r = 18 + t. Suppose -5*k = 2*p - 0*p - 100, r = 2*k + 3*p - 51. What is the tens digit of k?
1
Suppose -510 = -2*c - 4*m, -6*c = -2*c - 4*m - 996. Let v = 367 - c. What is the hundreds digit of v?
1
Let c = -144 - -665. What is the hundreds digit of c?
5
What is the tens digit of (-1939)/(-5) + 45/225?
8
Suppose 4*f = -5*m - 734, -6*f + 7*f - 729 = 5*m. Let w = m + 249. What is the hundreds digit of w?
1
Let j = -538 - -1192. What is the hundreds digit of j?
6
Let d = -11 - -17. Let k(o) = -o**2 + 2*o - 2. Let s be k(d). What is the tens digit of (-689)/s*(1 - -1)?
5
Suppose 150*z - 145*z - 4605 = 0. What is the units digit of z?
1
Let s(o) = -4*o**2 - 5*o + 19. Let j(i) = 7*i**2 + 11*i - 38. Let w(b) = -3*j(b) - 5*s(b). What is the units digit of w(-9)?
0
Let q = -7 - 11. Let u = q + 16. What is the tens digit of (-3105)/(-75) - u/(-5)?
4
Let g = 27 - 22. Suppose -g*r - 15 = -0*r. What is the tens digit of r/7 + (-5138)/(-98)?
5
Let o(b) = 3*b**3. Let d be o(1). Suppose -7*a = t - 2*a + 17, -t - d*a - 11 = 0. What is the tens digit of (t/(-3))/((-9)/(-702))?
5
Suppose -4*b + 4 = -2*b. Suppose b*s = 25 + 25. What is the units digit of s?
5
Let n be 28/(-3) - (-16)/48. What is the tens digit of (n/(-6))/(2/96)?
7
Let g = 290 - 200. What is the tens digit of g?
9
Suppose -14*u = -12*u + 8. Let m = 20 - 71. What is the units digit of 2/u - m/6?
8
What is the units digit of 1/3 - (22 - 8576/48)?
7
Let t(k) = -2*k**3 + 3*k + 1. Let s be t(-2). Let c = s + -6. Suppose c*r = -0*r + 75. What is the units digit of r?
5
Let q = 3290 + -1285. What is the hundreds digit of q?
0
Let i be 13/143 + 130/22. Let a(s) be the second derivative of s**5/20 - s**4/3 - 7*s**3/6 + s. What is the tens digit of a(i)?
3
Let a(v) = v**2 + 11*v - 8. Let r be a(-12). Let z(t) = r - 11*t**2 + 6*t**2 - 3*t - 2*t + t**3. What is the tens digit of z(6)?
1
Suppose 8*b - 10 = 3*b, 2*i - 3*b + 16 = 0. Let z(t) = -t**3 - 5*t**2 - 3*t - 3. What is the units digit of z(i)?
2
Let m be 0/((-8 - -4)/(-4)). Suppose m = b + 5*w - 8, -3*b = w - 10. Suppose -v + 62 = -2*g, 290 = 5*v - 8*g + b*g. What is the units digit of v?
4
Suppose 16 + 176 = 6*x. What is the tens digit of x?
3
Let r(b) = 87*b - 52. What is the tens digit of r(7)?
5
Suppose -20 + 0 = -5*s. Let y(c) = 2*c**3 - 34*c**2 + 2*c - 17. Let a be y(17). Suppose -a = -k - s. What is the units digit of k?
3
Let n be 10722/24 + 3/12. Suppose -4*l + 57 = -n. What is the tens digit of l?
2
Let f = -979 - -3205. What is the tens digit of f?
2
Let i(h) = -h**3 - 9*h**2 + h + 14. Let w be i(-9). Suppose x = -w, -5*k + 72 = -5*x - 188. What is the units digit of k?
7
Let w(n) = 16*n**2 + 2*n + 4. Let c(z) = -47*z**2 - 5*z - 12. Let x(u) = -3*c(u) - 8*w(u). What is the tens digit of x(2)?
5
Let g = 127 + -1. Let o = g + -41. What is the units digit of o?
5
Suppose 5*p + 30 + 10 = 0. What is the units digit of (-45)/(-20) - (-2)/p?
2
Let j(c) = c**3 + 5*c**2 - c - 3. What is the tens digit of j(-4)?
1
Let f(d) be the first derivative of 31*d**2/2 + 4*d - 28. Suppose -4*n = -z + 10, -4*z + 0*z - 2*n = -4. What is the units digit of f(z)?
6
Let h = -1107 + 1595. What is the units digit of h?
8
Let w(h) be the second derivative of -h**4/12 - 11*h**3/6 + 4*h**2 + 4*h. Let f be w(-11). Let b = 40 - f. What is the tens digit of b?
3
Suppose 82 = 2*v + 2*w - 34, 125 = 2*v + 5*w. Let x = v - 32. What is the tens digit of x?
2
Let v = 71 - -203. What is the tens digit of v?
7
Suppose 0*j - 58 = -2*j. Suppose -2*b = -3*b + j. What is the units digit of b?
9
Let k(p) = -p - 5. Let a be k(-10). Suppose -2*r + 5 = -3*r - a*n, -n = 2*r - 17. Suppose -2*g = -r - 12. What is the tens digit of g?
1
Let s = 53 - 49. Suppose 13*z - 162 = s*z. What is the tens digit of z?
1
Let x(a) = 8*a**2 - 10*a - 68. What is the tens digit of x(-11)?
1
Suppose 2*g = -4*g. Suppose 42*h - 48*h + 1176 = g. What is the hundreds digit of h?
1
Let v(u) = -117*u - 11. What is the thousands digit of v(-9)?
1
Let a be 66/77*14/4. Suppose a*p = 2*p - 18. Let i = -6 - p. What is the units digit of i?
2
Suppose 2*v = 4*f - f + 1722, -3*f = -4*v + 1722. What is the units digit of f/(-20)*2*5?
7
What is the hundreds digit of 5 - 2 - (957*4)/(-4)?
9
Suppose -4*m + 240 = m. Let r be (0 - -1)*(-5 + 5). Suppose m = q - r. What is the units digit of q?
8
Let m(i) be the second derivative of 5*i**4/12 + i**3/2 - i**2 - 13*i. Let n(r) = -r + 9. Let w be n(7). What is the tens digit of m(w)?
2
Suppose 0 = -2*a - 5*w - 2 - 11, a - 31 = 5*w. Let z(r) = 2*r**2 + 3*r - 2. Let p be z(-2). Suppose -a = -2*c - p*c. What is the units digit of c?
3
Let j = -16 - -16. Let b(h) be the second derivative of h**5/20 + h**4/12 + 18*h**2 - h. What is the units digit of b(j)?
6
Let r(d) be the second derivative of -13*d**3/2 - 17*d. What is the tens digit of r(-3)?
1
What is the tens digit of 17*55 - (-34 - -41)?
2
Let u = 1692 + -936. What is the units digit of u?
6
Let r(q) = 83*q**2 - 5*q + 14. What is the units digit of r(4)?
2
Suppose 4*p = p - 3*p. Suppose p = 46*q - 50*q + 468. What is the tens digit of q?
1
Let r = 9 + -5. Suppose -r*v + 5*v - 64 = 0. Suppose 0 = 4*o + 3*u - v, 4*o - 3*u = 6*o - 26. What is the units digit of o?
9
Let o(n) = 6*n**3 - 6*n**2 - 16*n - 27. Let b(k) = 5*k**3 - 7*k**2 - 16*k - 26. Let p(a) = -7*b(a) + 6*o(a). What is the units digit of p(-10)?
0
Let f(n) = -n**2 + 24*n - 7. Let m be f(18). Let l = m - 69. What is the tens digit of l?
3
Let j be 323/3 - (-4)/(-6). Suppose j + 123 = 5*i. Suppose -4*s - 14 = -g, -2*g + 7*s = 5*s - i. What is the units digit of g?
6
Let t = 13 - 8. Suppose 0 = t*p - c - 172 - 50, 5*p + 5*c = 240. What is the units digit of p?
5
Let m(c) = c**3 + 20*c**2 + 16*c - 4. Suppose -8*u + 76 = -12*u. What is the units digit of m(u)?
3
Let d = -24 + 41. Let k = d - 15. Suppose -29 = k*o - 117. What is the units digit of o?
4
Let v = -31 + 33. Suppose v*x = -6*x + 296. What is the units digit of x?
7
Let w(j) = -308*j**2 + 4*j + 3*j + 288*j**2 + j**3 + 22 + 6. What is the tens digit of w(20)?
6
Let b be -3*(105/9 + 3). Let h = 151 + b. What is the units digit of h?
7
Let q(h) = -4*h + 17. Let d(b) = b**2 + 8*b + 11. Let a be d(-7). Let u = a - 11. What is the tens digit of q(u)?
4
Suppose -9*y + 5*y = 2*j - 5548, -4*y + j + 5536 = 0. What is the units digit of y?
5
What is the units digit of 3292*((-150)/(-40))/15?
3
Let p(d) be the first derivative of 2*d**3/3 - 5*d**2 - 4*d + 17. What is the units digit of p(7)?
4
Suppose y - 3*o = -0*o + 8, -6 = 3*o. Suppose 0 = -y*z -